-d6b75
What is 5823103 (base 9) in base 15?
421cb0
-a627 (base 15) to base 4
-20211001
-467405 (base 8) to base 13
-57799
-1010010100111101000 (base 2) to base 3
-122012012122
Convert -767370 (base 9) to base 16.
-6fd86
What is 864170 (base 13) in base 9?
5832022
-76b7b (base 14) to base 13
-a0c03
-30224121 (base 5) to base 8
-731353
Convert 11110010100000000 (base 2) to base 16.
1e500
-260ac61 (base 13) to base 10
-11905453
What is 110011010010000101 (base 2) in base 14?
5679b
28a623 (base 15) to base 12
7a5743
What is 6711 (base 12) in base 15?
3594
What is -16372 (base 12) in base 13?
-11516
What is 27de4 (base 15) in base 7?
1042135
What is 33254152 (base 8) in base 11?
4054a69
143bd9 (base 15) to base 2
11101101111101010111
Convert 383318 (base 9) to base 12.
b2382
1670607 (base 12) to base 4
101221021213
What is -121101010 (base 4) in base 15?
-209e7
Convert 122a9 (base 11) to base 6.
213440
-87332 (base 9) to base 14
-17131
Convert -734245 (base 9) to base 2.
-1101010011110110001
Convert -52541230 (base 6) to base 16.
-177552
What is 223211330 (base 4) in base 14?
49100
1501056 (base 8) to base 13
11c1bc
Convert -202221313 (base 4) to base 16.
-22a77
3112132212 (base 4) to base 6
30455050
-1029b (base 14) to base 8
-114041
13301311020 (base 4) to base 7
23221635
What is -53201511 (base 6) in base 11?
-972825
-55232055 (base 6) to base 9
-3088268
What is -3507061 (base 8) in base 4?
-3220320301
Convert 200035a (base 12) to base 15.
7ce94a
-408a6 (base 13) to base 2
-11100010000010100
Convert -2272a (base 14) to base 3.
-11020212010
Convert -1011001001011101000100 (base 2) to base 7.
-33560564
Convert 2121343111 (base 5) to base 14.
849059
Convert -3a576 (base 13) to base 14.
-2b80b
-120031130 (base 4) to base 12
-49478
What is -2030322001 (base 4) in base 8?
-2147201
Convert 15316503 (base 8) to base 10.
3513667
What is -321020243 (base 5) in base 4?
-11020120301
100100011010111100101 (base 2) to base 13
32a2a6
Convert 8978ba (base 12) to base 11.
1266979
-194617 (base 13) to base 7
-5265352
-110201140 (base 5) to base 7
-4016223
-157795 (base 10) to base 9
-260407
Convert 3123232023 (base 4) to base 9.
1621476
What is -208c9c6 (base 13) in base 14?
-145d801
What is 55797 (base 12) in base 15?
2392d
-45dd03 (base 14) to base 4
-21011130133
Convert 13568a (base 13) to base 5.
110002324
Convert -13113021022 (base 4) to base 11.
-10a8986
Convert 1184a (base 15) to base 8.
155076
What is -11111101100011 (base 2) in base 16?
-3f63
What is 1877521 (base 9) in base 13?
2ac43c
What is 820020 (base 9) in base 2?
1110110100010011100
-12001001212012 (base 3) to base 7
-31523201
What is 30a080 (base 11) in base 2?
1111001001110100111
Convert 11110123311 (base 4) to base 10.
1394421
What is -201244141 (base 5) in base 12?
-32a64b
What is 11111101000100100 (base 2) in base 11?
89393
-55603 (base 8) to base 6
-300243
-3470253 (base 9) to base 4
-13022022300
-1402d0 (base 15) to base 11
-5a8179
Convert 10202020220010 (base 3) to base 2.
111100110100100110000
What is 1132055 (base 7) in base 15?
2c2c5
What is 533711 (base 9) in base 4?
1031203330
What is -614891 (base 12) in base 3?
-2212022122201
Convert -202113301 (base 4) to base 2.
-100010010111110001
What is 2210031100 (base 4) in base 2?
10100100001101010000
Convert -d0b2a (base 14) to base 9.
-844055
120300032 (base 4) to base 6
2101222
Convert -2e00af (base 16) to base 3.
-12200011120102
What is 2886018 (base 9) in base 10?
1592153
-20012102201 (base 3) to base 16
-1dccb
What is -43110401 (base 5) in base 16?
-58ada
Convert feb2 (base 16) to base 6.
1221510
Convert 1bb0f (base 16) to base 5.
12112143
202211210021 (base 4) to base 16
8a5909
5085949 (base 10) to base 3
100120101121111
Convert 2101231221 (base 4) to base 9.
1108636
Convert 179301 (base 10) to base 8.
536145
What is -327960 (base 10) in base 16?
-50118
875577 (base 10) to base 15
12466c
2121322 (base 6) to base 4
121121102
What is -22112213333 (base 4) in base 2?
-1010010110100111111111
What is 142360 (base 11) in base 15?
45ec1
-28cb6 (base 13) to base 4
-102301023
Convert -43342 (base 7) to base 9.
-15741
Convert -543021 (base 7) to base 15.
-1d0c3
What is 2a53a (base 13) in base 7?
452124
157215 (base 8) to base 9
86133
Convert -1214786 (base 9) to base 12.
-2798b9
What is 385074 (base 9) in base 8?
707603
What is 1304021521 (base 6) in base 11?
870482a
Convert 2c996 (base 14) to base 10.
111656
Convert 530580 (base 14) to base 12.
b33644
-10000011111010101 (base 2) to base 8
-203725
Convert 31010031 (base 4) to base 11.
37232
Convert 1871b (base 12) to base 3.
1210211012
21435441 (base 6) to base 13
19674a
-101121001120 (base 3) to base 9
-347046
-1b634a (base 14) to base 2
-11101110101001101110
Convert -11011101111110001001 (base 2) to base 13.
-25aaac
Convert -1010041204 (base 5) to base 4.
-13300210021
-23140041 (base 5) to base 6
-4250311
-1010010010011011 (base 2) to base 3
-2010210201
What is 922953 (base 14) in base 7?
56600233
-361672 (base 8) to base 4
-132032322
Convert -1c2863 (base 14) to base 16.
-f5987
-778d86 (base 14) to base 2
-1111011110110010111010
What is 198a5 (base 16) in base 15?
20ee3
What is 1e8bd (base 16) in base 12?
604a5
Convert 203303013 (base 4) to base 11.
a0191
What is 106122 (base 11) in base 2?
101001010011011110
Convert 1043a (base 14) to base 16.
9954
Convert -6415230 (base 7) to base 16.
-bdc8d
Convert -a7ba95 (base 12) to base 14.
-4d12db
What is 403040204 (base 5) in base 7?
16462334
Convert -26a96 (base 12) to base 6.
-1051110
What is -13235110 (base 6) in base 13?
-125640
167cd29 (base 14) to base 16
a8c6a9
-50714 (base 11) to base 8
-220523
What is -2c420 (base 15) in base 7?
-1132656
Convert -327252 (base 8) to base 11.
-75918
564225 (base 10) to base 9
1048866
-3061511 (base 13) to base 3
-1000120112200012
What is -140441313 (base 5) in base 10?
-718333
Convert -14aa16 (base 11) to base 4.
-321022220
What is -12b24 (base 15) in base 13?
-21346
-1011000101011111101 (base 2) to base 5
-43111021
Convert -22021111211 (base 3) to base 9.
-267454
-56330043 (base 8) to base 2
-101110011011000000100011
What is 960a2 (base 13) in base 8?
1020033
Convert 100220012211122 (base 3) to base 10.
5259617
What is -12c5b2 (base 13) in base 12?
-19b909
-dcac6 (base 16) to base 14
-19758a
240694 (base 11) to base 6
12102103
11392b (base 12) to base 5
32313313
What is -107647 (base 9) in base 8?
-176251
What is 101101000001110 (base 2) in base 4?
11220032
22222121010000 (base 3) to base 2
10010001101110001110111
-21121201211 (base 3) to base 5
-14244410
Convert 10102022012201 (base 3) to base 14.
354170
What is b6351 (base 13) in base 5?
40443201
-2076812 (base 10) to base 13
-5793aa
What is -139608 (base 10) in base 16?
-22158
-204414344 (base 5) to base 7
-10200632
-37574 (base 11) to base 10
-53926
-1234064 (base 7) to base 3
-22010022122
101101110100011010111001 (base 2) to base 9
24536230
Convert 172084 (base 9) to base 10.
106510
What is -4443507 (base 9) in base 4?
-21013230103
What is 5200703 (base 9) in base 16?
2a5b41
What is -220010022103 (base 4) in base 13?
-223969c
Convert -1fc510 (base 16) to base 6.
-112343104
What is -5710a (base 15) in base 6?
-5534201
-64c4b (base 16) to base 7
-3336226
22002011122 (base 3) to base 16
26d47
44925c (base 14) to base 13
63779a
Convert 72611 (base 9) to base 16.
bb09
Convert -1101101000010110 (base 2) to base 11.
-38a45
What is 25b96 (base 13) in base 11?
48728
45d8d3 (base 14) to base 7
26144053
Convert -14469b9 (base 13) to base 4.
-120210201320
Convert 111c6f (base 16) to base 9.
2088230
-11562 (base 11) to base 4
-10010011
-11101110001110101100011 (base 2) to base 10
-7806307
What is -262312 (base 9) in base 7?
-1232033
What is 1b85361 (base 12) in base 11?
3369422
120210211022201 (base 3) to base 16
80314f
11133310331 (base 4) to base 11
8a4788
Convert -169543 (base 15) to base 10.
-1094688
11302240 (base 8) to base 15
3387de
261b1 (base 15) to base 2
11101110000100011
What is 31156362 (base 7) in base 14?
4c27d9
Convert -1876320 (base 9) to base 4.
-10001122323
-8743a4 (base 12) to base 7
-24134422
-19a50d (base 14) to base 5
-213141001
Convert 153055 (base 9) to base 5.
11002331
What is 62357b (base 12) in base 9?
2807105
4011122121 (base 5) to 